{"id":116,"date":"2021-01-21T22:35:03","date_gmt":"2021-01-21T21:35:03","guid":{"rendered":"http:\/\/trotmenu.com\/?page_id=116"},"modified":"2026-04-15T23:37:01","modified_gmt":"2026-04-15T21:37:01","slug":"la-periode-dadaptation","status":"publish","type":"page","link":"https:\/\/trotmenu.com\/?page_id=116","title":{"rendered":"La p\u00e9riode d\u2019adaptation"},"content":{"rendered":"\n<p>Cette p\u00e9riode correspond \u00e0 un temps de rencontre entre le professionnel r\u00e9f\u00e9rent, la famille et la cr\u00e8che.<\/p>\n\n\n\n<p>L\u2019adaptation dure environ quinze jours et se fait en pr\u00e9sence d\u2019un des parents. Ce temps est n\u00e9cessaire pour instaurer progressivement la confiance, dans un environnement nouveau pour l\u2019enfant et sa famille.<\/p>\n\n\n\n<p>Le parent est invit\u00e9 \u00e0 pr\u00e9senter les habitudes et le rythme de son enfant afin de permettre \u00e0 l\u2019\u00e9quipe d\u2019identifier ses besoins et d\u2019y r\u00e9pondre de mani\u00e8re adapt\u00e9e. Il d\u00e9couvre \u00e9galement les lieux de vie : sommeil, repas, jeux et interactions avec les autres enfants.<\/p>\n\n\n\n<p>Le professionnel r\u00e9f\u00e9rent accompagne l\u2019enfant tout au long de cette p\u00e9riode. Il constitue un rep\u00e8re essentiel et s\u00e9curisant. Progressivement, le relais est assur\u00e9 par d\u2019autres membres de l\u2019\u00e9quipe.<\/p>\n\n\n\n<p>\u00c0 la cr\u00e8che, l\u2019exp\u00e9rience v\u00e9cue est diff\u00e9rente de celle du domicile. La continuit\u00e9 est assur\u00e9e non pas dans la reproduction, mais dans l\u2019explication et la verbalisation de ces diff\u00e9rences, afin d\u2019aider l\u2019enfant \u00e0 comprendre et \u00e0 s\u2019adapter.<\/p>\n\n\n\n<p>Cette p\u00e9riode d\u2019adaptation permet \u00e9galement \u00e0 l\u2019\u00e9quipe de faire connaissance avec la famille et aux autres enfants d\u2019accueillir progressivement le nouveau venu.<\/p>\n","protected":false},"excerpt":{"rendered":"<p>Cette p\u00e9riode correspond \u00e0 un temps de rencontre entre le professionnel r\u00e9f\u00e9rent, la famille et la cr\u00e8che. L\u2019adaptation dure environ quinze jours et se fait en pr\u00e9sence d\u2019un des parents. Ce temps est n\u00e9cessaire pour instaurer progressivement la confiance, dans &hellip; <\/p>\n","protected":false},"author":1,"featured_media":0,"parent":0,"menu_order":0,"comment_status":"closed","ping_status":"closed","template":"","meta":{"_monsterinsights_skip_tracking":false,"_monsterinsights_sitenote_active":false,"_monsterinsights_sitenote_note":"","_monsterinsights_sitenote_category":0},"_links":{"self":[{"href":"https:\/\/trotmenu.com\/index.php?rest_route=\/wp\/v2\/pages\/116"}],"collection":[{"href":"https:\/\/trotmenu.com\/index.php?rest_route=\/wp\/v2\/pages"}],"about":[{"href":"https:\/\/trotmenu.com\/index.php?rest_route=\/wp\/v2\/types\/page"}],"author":[{"embeddable":true,"href":"https:\/\/trotmenu.com\/index.php?rest_route=\/wp\/v2\/users\/1"}],"replies":[{"embeddable":true,"href":"https:\/\/trotmenu.com\/index.php?rest_route=%2Fwp%2Fv2%2Fcomments&post=116"}],"version-history":[{"count":5,"href":"https:\/\/trotmenu.com\/index.php?rest_route=\/wp\/v2\/pages\/116\/revisions"}],"predecessor-version":[{"id":266,"href":"https:\/\/trotmenu.com\/index.php?rest_route=\/wp\/v2\/pages\/116\/revisions\/266"}],"wp:attachment":[{"href":"https:\/\/trotmenu.com\/index.php?rest_route=%2Fwp%2Fv2%2Fmedia&parent=116"}],"curies":[{"name":"wp","href":"https:\/\/api.w.org\/{rel}","templated":true}]}}