{"id":138,"date":"2021-01-21T22:57:31","date_gmt":"2021-01-21T21:57:31","guid":{"rendered":"http:\/\/trotmenu.com\/?page_id=138"},"modified":"2021-02-11T21:39:29","modified_gmt":"2021-02-11T20:39:29","slug":"les-commissions","status":"publish","type":"page","link":"https:\/\/trotmenu.com\/?page_id=138","title":{"rendered":"Les commissions"},"content":{"rendered":"\n<p>Le fonctionnement de la cr\u00e8che repose sur 11 commissions <\/p>\n\n\n\n<p><strong>Le bureau : Pr\u00e9sidence, secr\u00e9tariat et tr\u00e9sorerie<\/strong><\/p>\n\n\n\n<p>Ces trois commissions constituent le bureau de l\u2019association.<br>Comme en toute association, le pr\u00e9sident repr\u00e9sente les Trot\u2019Menu \u00e0 l\u2019ext\u00e9rieur : dans les actes de la vie civile et aupr\u00e8s des partenaires associatifs, institutionnels et priv\u00e9s. Il porte la responsabilit\u00e9 l\u00e9gale de la structure. Il a un r\u00f4le de coordinateur, et de m\u00e9diateur. Il anime les r\u00e9unions, r\u00e9alise les comptes- rendus, signe les contrats, les invitations et les convocations. Il est largement sollicit\u00e9 sur de nombreux points et se doit d\u2019avoir une bonne connaissance de la structure. Il est enfin le garant principal de la coh\u00e9sion au sein du groupe de parents. Il assure un relais sur les commissions cl\u00e9s de l\u2019association lorsque des familles rencontrent ponctuellement des difficult\u00e9s de disponibilit\u00e9.<\/p>\n\n\n\n<p>Le secr\u00e9taire fait le suivi, archive et classe tous les documents utiles \u00e0 la vie de l\u2019association. Il informe les membres de l\u2019association de la tenue des r\u00e9unions et il r\u00e9alise les dossiers annuels de financement de l\u2019association aupr\u00e8s de la commune et des partenaires institutionnels. Il est le principal interlocuteur de la Caisse d\u2019Allocation Familiale.<\/p>\n\n\n\n<p>Le tr\u00e9sorier est responsable des finances et des comptes de l\u2019association. Les bilans et comptes de r\u00e9sultats sont \u00e9tablis 2 fois par an pour accompagner les demandes de financements (mairie Orsay, CAF, Conseil D\u00e9partemental).<\/p>\n\n\n\n<p><strong>Vice-Tr\u00e9sorerie<\/strong><\/p>\n\n\n\n<p>La commission vice-tr\u00e9sorerie, en charge de l&rsquo;\u00e9laboration des fiches de paie et des diff\u00e9rentes d\u00e9clarations administratives du personnel (URSSAF, retraite, pr\u00e9voyance, DADS\u2026) . Elle travaille en partenariat avec l\u2019ACEPP91. <\/p>\n\n\n\n<p><strong>Planning &#8211; Menus<\/strong><\/p>\n\n\n\n<p>Gestion du planning des t\u00e2ches des familles (repas, lessives, m\u00e9nages, r\u00e9unions). Organisation de l\u2019enchainement des menus \u00e0 partir d\u2019une liste de plats \u00e9tablie par une di\u00e9t\u00e9ticienne.<\/p>\n\n\n\n<p><strong>Courses &#8211; bricolage<\/strong> <\/p>\n\n\n\n<p>Commandes des courses demand\u00e9es par les professionnels par internet et suivi de leur livraison.<br>Surveillance de l&rsquo;\u00e9tat des locaux et entretien quotidien. Organisation des travaux de r\u00e9paration et d&rsquo;am\u00e9nagement.<\/p>\n\n\n\n<p><strong>Enfance<\/strong> <\/p>\n\n\n\n<p>Reccueil et proposition de th\u00e8mes p\u00e9dagogiques int\u00e9ressant parents et professionnels pour les r\u00e9unions enfance mensuelles.<br>Organisation des r\u00e9unions enfance, \u00e9ventuellement avec des intervenants.<br>Organisation des sorties annuelles (pique-nique, ferme, ludoth\u00e8que, caserne des pompiers, spectacles \u00e0 la MJC Jacques Tati pendant Festi\u2019M\u00f4mes\u2026.).<br>Organisation de la f\u00eate de No\u00ebl \u00e0 la Bouv\u00eache.<br>Gestion des jouets et livres, du mat\u00e9riel p\u00e9dagogique (achat, renouvellement, fabrication\u2026.). R\u00e9daction des comptes-rendus des r\u00e9unions enfance.<\/p>\n\n\n\n<p><strong>Familles<\/strong><\/p>\n\n\n\n<p>Accueil t\u00e9l\u00e9phonique et information des familles int\u00e9ress\u00e9es par la cr\u00e8che. Organisation et animation des r\u00e9unions de recrutement des nouvelles familles. Gestion des listes d&rsquo;attente.<br>Organisation d\u2019une journ\u00e9e portes ouvertes au printemps de chaque ann\u00e9e pour pr\u00e9senter la cr\u00e8che aux familles int\u00e9ress\u00e9es.<br>Reccueil des planning pr\u00e9visionnels des heures hebdomadaires des enfants \u00e0 la cr\u00e8che pour l\u2019\u00e9tablissement des contrats.<br>R\u00e9daction des contrats des familles.<br>Relev\u00e9 des heures hebdomadaires r\u00e9alis\u00e9es par les enfants \u00e0 la cr\u00e8che, et v\u00e9rification de l\u2019ad\u00e9quation avec les contrats des familles.<\/p>\n\n\n\n<p><strong>Relations pros<\/strong><\/p>\n\n\n\n<p>Suivi relationnel avec les professionnels. Interm\u00e9diaire de communication entre les professionnels et le groupe de parents.<br>Tuteur administratif des contrats qualifications.<br>Suivi p\u00e9dagogique et administratif des formations des salaries. Suivi formations ACEPP.<br>Consolide le planning rempli par la responsable technique.<\/p>\n\n\n\n<p><\/p>\n\n\n\n<p><\/p>\n\n\n\n<p><\/p>\n\n\n\n<p><\/p>\n\n\n\n<p><\/p>\n\n\n\n<p><\/p>\n\n\n\n<p><\/p>\n\n\n\n<p> <\/p>\n\n\n\n<p><\/p>\n\n\n\n<p><\/p>\n\n\n\n<p><\/p>\n\n\n\n<p><\/p>\n\n\n\n<p><\/p>\n\n\n\n<p><\/p>\n","protected":false},"excerpt":{"rendered":"<p>Le fonctionnement de la cr\u00e8che repose sur 11 commissions Le bureau : Pr\u00e9sidence, secr\u00e9tariat et tr\u00e9sorerie Ces trois commissions constituent le bureau de l\u2019association.Comme en toute association, le pr\u00e9sident repr\u00e9sente les Trot\u2019Menu \u00e0 l\u2019ext\u00e9rieur : dans les actes de la &hellip; <\/p>\n","protected":false},"author":1,"featured_media":0,"parent":0,"menu_order":0,"comment_status":"closed","ping_status":"closed","template":"","meta":{"_monsterinsights_skip_tracking":false,"_monsterinsights_sitenote_active":false,"_monsterinsights_sitenote_note":"","_monsterinsights_sitenote_category":0},"_links":{"self":[{"href":"https:\/\/trotmenu.com\/index.php?rest_route=\/wp\/v2\/pages\/138"}],"collection":[{"href":"https:\/\/trotmenu.com\/index.php?rest_route=\/wp\/v2\/pages"}],"about":[{"href":"https:\/\/trotmenu.com\/index.php?rest_route=\/wp\/v2\/types\/page"}],"author":[{"embeddable":true,"href":"https:\/\/trotmenu.com\/index.php?rest_route=\/wp\/v2\/users\/1"}],"replies":[{"embeddable":true,"href":"https:\/\/trotmenu.com\/index.php?rest_route=%2Fwp%2Fv2%2Fcomments&post=138"}],"version-history":[{"count":8,"href":"https:\/\/trotmenu.com\/index.php?rest_route=\/wp\/v2\/pages\/138\/revisions"}],"predecessor-version":[{"id":169,"href":"https:\/\/trotmenu.com\/index.php?rest_route=\/wp\/v2\/pages\/138\/revisions\/169"}],"wp:attachment":[{"href":"https:\/\/trotmenu.com\/index.php?rest_route=%2Fwp%2Fv2%2Fmedia&parent=138"}],"curies":[{"name":"wp","href":"https:\/\/api.w.org\/{rel}","templated":true}]}}